{"id":446,"date":"2020-02-25T15:06:26","date_gmt":"2020-02-25T15:06:26","guid":{"rendered":"http:\/\/neuroreg.uniri.hr\/?page_id=446"},"modified":"2020-02-25T15:07:39","modified_gmt":"2020-02-25T15:07:39","slug":"micro-macro-art-2017","status":"publish","type":"page","link":"https:\/\/neuroreg.uniri.hr\/?page_id=446","title":{"rendered":"Micro-Macro art 2017"},"content":{"rendered":"\n<p>\u201eMicro-Macro Art\u201c project integrates art, science, and technology. In collaboration with prof.<a href=\"http:\/\/www.fuelepp.com\/\"> Ingeborg F\u00fclepp<\/a>, project leader and head of the Center for Innovative Media at the Academy of Applied Art, University of Rijeka (CIM-APURI), our laboratory participated in this initiative. Sandra Debani\u0107, master student at APURI created her artwork \u201cGLIA- the forgotten brain cell on textile\u201d in collaboration with Jelena Ban. Her artwork was exhibited during \u201cMicro-Macro Art 2017\u201c exhibition on the 25-28 April 2017, SKC Gallery in Rijeka.<br> More about this event can be found <a href=\"https:\/\/cim.apuri.hr\/izlozbe\/micro-macro-art-skc-\">here<\/a>.<\/p>\n\n\n\n<figure class=\"wp-block-image size-large\"><img decoding=\"async\" loading=\"lazy\" width=\"605\" height=\"404\" src=\"http:\/\/neuroreg.uniri.hr\/wp-content\/uploads\/2020\/02\/image.png\" alt=\"\" class=\"wp-image-447\" srcset=\"https:\/\/neuroreg.uniri.hr\/wp-content\/uploads\/2020\/02\/image.png 605w, https:\/\/neuroreg.uniri.hr\/wp-content\/uploads\/2020\/02\/image-300x200.png 300w, https:\/\/neuroreg.uniri.hr\/wp-content\/uploads\/2020\/02\/image-450x300.png 450w\" sizes=\"(max-width: 605px) 100vw, 605px\" \/><\/figure>\n\n\n\n<p><strong>GLIA- the forgotten brain cell on textile<\/strong><\/p>\n\n\n\n<p>This artistic installation, in the process of exploring macro glial cell particles, raised the question: how important are glia? The combination of art and science, amalgamation of artistry in collaboration with biotechnology, has started the process of creating artwork. The ongoing research together with the observations of neuroscientist who have manually drawn glial cells in the past, has been transferred to the textile, transducing the dimension from micro to macro.<\/p>\n\n\n\n<figure class=\"wp-block-image size-large\"><img decoding=\"async\" loading=\"lazy\" width=\"605\" height=\"404\" src=\"http:\/\/neuroreg.uniri.hr\/wp-content\/uploads\/2020\/02\/image-1.png\" alt=\"\" class=\"wp-image-448\" srcset=\"https:\/\/neuroreg.uniri.hr\/wp-content\/uploads\/2020\/02\/image-1.png 605w, https:\/\/neuroreg.uniri.hr\/wp-content\/uploads\/2020\/02\/image-1-300x200.png 300w, https:\/\/neuroreg.uniri.hr\/wp-content\/uploads\/2020\/02\/image-1-450x300.png 450w\" sizes=\"(max-width: 605px) 100vw, 605px\" \/><figcaption>  Ingeborg F\u00fclepp, Miranda Mladini\u0107, Jelena Ban, Sandra Debani\u0107 and Sun\u010dana, wearing S. Debani\u0107&#8217; artwork <\/figcaption><\/figure>\n\n\n\n<p><\/p>\n","protected":false},"excerpt":{"rendered":"<p>\u201eMicro-Macro Art\u201c project integrates art, science, and technology. In collaboration with prof. Ingeborg F\u00fclepp, project leader and head of the Center for Innovative Media at the Academy of Applied Art, University of Rijeka (CIM-APURI), our laboratory participated in this initiative. Sandra Debani\u0107, master student at APURI created her artwork \u201cGLIA- the forgotten brain cell on [&hellip;]<\/p>\n","protected":false},"author":2,"featured_media":0,"parent":429,"menu_order":2,"comment_status":"closed","ping_status":"closed","template":"","meta":[],"_links":{"self":[{"href":"https:\/\/neuroreg.uniri.hr\/index.php?rest_route=\/wp\/v2\/pages\/446"}],"collection":[{"href":"https:\/\/neuroreg.uniri.hr\/index.php?rest_route=\/wp\/v2\/pages"}],"about":[{"href":"https:\/\/neuroreg.uniri.hr\/index.php?rest_route=\/wp\/v2\/types\/page"}],"author":[{"embeddable":true,"href":"https:\/\/neuroreg.uniri.hr\/index.php?rest_route=\/wp\/v2\/users\/2"}],"replies":[{"embeddable":true,"href":"https:\/\/neuroreg.uniri.hr\/index.php?rest_route=%2Fwp%2Fv2%2Fcomments&post=446"}],"version-history":[{"count":1,"href":"https:\/\/neuroreg.uniri.hr\/index.php?rest_route=\/wp\/v2\/pages\/446\/revisions"}],"predecessor-version":[{"id":449,"href":"https:\/\/neuroreg.uniri.hr\/index.php?rest_route=\/wp\/v2\/pages\/446\/revisions\/449"}],"up":[{"embeddable":true,"href":"https:\/\/neuroreg.uniri.hr\/index.php?rest_route=\/wp\/v2\/pages\/429"}],"wp:attachment":[{"href":"https:\/\/neuroreg.uniri.hr\/index.php?rest_route=%2Fwp%2Fv2%2Fmedia&parent=446"}],"curies":[{"name":"wp","href":"https:\/\/api.w.org\/{rel}","templated":true}]}}